ommon factor of 18 and w?
9
Suppose 66 = d - 0*d - 4*l, 2*l = -4*d + 264. Calculate the greatest common divisor of d and 6.
6
Let l(w) = 5*w - 2. Let r be l(2). Calculate the highest common divisor of 2 and r.
2
Let l = 0 + 8. Let s be (-2)/(0 + l/(-84)). Calculate the highest common divisor of s and 3.
3
Let a(b) = -26*b + 8. Let i be a(-4). What is the highest common divisor of 7 and i?
7
Suppose -53 = -3*n - 2*p, -p + 32 = 2*n + 2*p. Suppose -c = 8*c - 1881. What is the greatest common factor of n and c?
19
Suppose 2*q - 2*n = 3*n + 44, -q = 5*n + 8. What is the highest common factor of 15 and q?
3
Let o(s) = s**2 + 9*s + 10. Let q be o(-9). Suppose 0 = 5*k + 2*f - 12, 2 + 3 = 2*k + f. Let w be 2/4 - (-79)/k. What is the greatest common factor of q and w?
10
Let f be (12/9)/((-2)/(-15)). Suppose 0 = -5*a - f. Let j be 219/9 - a/3. What is the highest common factor of 5 and j?
5
Suppose p = 2*j + 3*p - 48, 0 = -2*j - 3*p + 50. Suppose 0 = 5*z + j - 7. Let c be (0 - z)*(-48)/(-9). What is the highest common factor of c and 176?
16
Suppose 2*b - 56 = -40. Calculate the greatest common divisor of 72 and b.
8
Suppose -2*w + 5*w = 90. What is the highest common divisor of w and 75?
15
Suppose -3*b = -m - 76 - 60, -3*m = -b + 40. Calculate the greatest common factor of 69 and b.
23
Suppose -101 = -w - 24. What is the greatest common factor of 7 and w?
7
Let f be (0 + 1/1)*9. What is the highest common factor of 36 and f?
9
Let t = -2 - -10. Let m(n) = n**2 + 3*n - 2. Let i be m(-6). What is the highest common factor of i and t?
8
Suppose -4*n = -3*n - 5. Let f = 2 + -4. Let g be 1 - -1 - (-2)/f. What is the highest common factor of g and n?
1
Suppose -4*q - 5*i + 10 = 0, -3 + 5 = -2*q + i. Suppose y + q*y = 51. Suppose 2*r = 19 + 15. What is the highest common factor of y and r?
17
Let z be 2*(6/(-4))/(-3). Let a be ((-99)/(-3) - -2) + z. Suppose 1 + 17 = 2*j. Calculate the greatest common factor of a and j.
9
Let s = 18 + -16. Calculate the highest common factor of s and 5.
1
Suppose 4*k = 147 - 15. Suppose x + g = -4*g + 45, k = x - g. Calculate the greatest common divisor of x and 7.
7
Let m = 7 + -4. Let f(g) = -g**3 + 10*g**2 - 10*g + 12. Let r be f(9). Let k be 1/r - 5/(-3). Calculate the greatest common divisor of m and k.
1
Suppose -3*r = -y + 8, -2*r + 18 + 10 = y. What is the highest common factor of 50 and y?
10
Let d be 16*-2*(-6)/8. What is the highest common factor of d and 18?
6
Let d = -93 + 100. Calculate the highest common factor of d and 49.
7
Suppose 46*p - 53*p + 77 = 0. What is the highest common factor of 11 and p?
11
Let w be 1/1 - -2 - -1. Calculate the highest common factor of 8 and w.
4
Suppose -y = 3*y - 56. Let w = -5 + y. Calculate the highest common factor of 9 and w.
9
Let b(x) = -12*x. Let r be b(-6). Let o be ((-9)/(-2))/(1/2). Calculate the greatest common factor of r and o.
9
Let h(k) = -k**2 - 3*k - 2. Let y be h(-2). Let j be 54*(y + 3/6). Calculate the highest common factor of 3 and j.
3
Let j = -552 - -553. Let t(k) = -k + 7. Let o be t(0). Calculate the greatest common factor of o and j.
1
Let y(g) = -3*g - 3. Let f be y(-2). Suppose -194 = -f*k - 4*p, 6*p + 288 = 4*k + 4*p. What is the highest common factor of 10 and k?
10
Let a be 0/(-2)*(-1)/(-2). Let f = a + -2. Let j(n) = -2*n**3 + 2*n**2 + 3*n + 2. Let k be j(f). What is the highest common divisor of 4 and k?
4
Let p = -11 - -17. What is the greatest common factor of p and 66?
6
Let h(v) = v**2 - 14*v + 5. Let c be h(14). Calculate the greatest common factor of c and 20.
5
Suppose -w = w - 60. What is the highest common divisor of 12 and w?
6
Let q(z) = -33*z - 11. Let j be q(-7). Suppose -4*x + 5*w = 4*w - 85, -4*w - 20 = 0. What is the greatest common factor of x and j?
20
Let j = -12 + 11. Let c be j + 151 + (2 - 0). Calculate the highest common divisor of c and 19.
19
Let w = 9 - 5. Suppose o = 5*o - 4*m + 8, -w*o - 3 = -3*m. Suppose -4*z + o*g = g - 82, 0 = -z + 5*g + 43. What is the greatest common factor of 9 and z?
9
Suppose -a + 10 = a. Suppose -a*z = -z - 24. Calculate the greatest common factor of z and 18.
6
Suppose -4*d - 4*y + 24 = 0, 3*y - 2*y = -3*d + 8. Let r be (3/6 + d)*4. Let k = 6 + r. What is the highest common divisor of 84 and k?
12
Suppose 4*s + 8 = 5*s - 2*j, 3*s + 1 = j. Let a = s - -5. Suppose y + 6 = a*y. What is the greatest common divisor of 27 and y?
3
Let t be -22*(-1 + (-3)/(-6)). Suppose -t = 3*j - 35. Calculate the greatest common divisor of 64 and j.
8
Let b = 2 + -5. Suppose -4 = 5*v + 26. Let z be 81/v*26/b. What is the highest common factor of z and 13?
13
Suppose 7*l = l + 72. What is the highest common factor of 108 and l?
12
Suppose 4*k - 5*z = 60, -3*z + 4*z = -2*k + 16. What is the highest common divisor of k and 70?
10
Let k(g) = -g**2 - 9*g - 12. Let s be k(-5). Calculate the highest common factor of 72 and s.
8
Let z be (2 - 7)*8/(-10). Suppose z + 6 = 5*c. Suppose -19*j + 98 = -12*j. What is the greatest common factor of j and c?
2
Suppose -5*j + 2*o = -21, 18 = 7*j - 3*j - 2*o. Let w(q) = q**3 + 4*q**2 - 4*q + 7. Let g be w(-5). Calculate the highest common divisor of g and j.
1
Suppose 0 = 3*w - 20 - 64. Suppose 5*b + 10 = 0, -2*n + 4*b - 6 = -0*n. Let r = n + 14. What is the greatest common divisor of w and r?
7
Suppose -3*q = -2*q - 10. Calculate the highest common factor of q and 10.
10
Let g = 131 - 71. Calculate the greatest common factor of 15 and g.
15
Let s(l) = 6*l**2 + 3. Let f be s(-4). Suppose 4*m = m - 2*b + 19, 3*b - 6 = -2*m. What is the highest common factor of m and f?
9
Let c(h) = -3*h**2 + 4*h**2 - 3*h + 2 + 4. Let a be c(4). Suppose 22*q + 161 = 601. What is the greatest common divisor of a and q?
10
Suppose 427 - 27 = 5*h. What is the greatest common factor of 16 and h?
16
Suppose 5*d = -3*n + 34 - 9, -d = -n + 3. What is the greatest common factor of d and 18?
2
Let x be (-114)/4*2/(-3). Let l be (0 - 0)/(-2 - -3). Suppose l = -t + 3*t - 190. What is the highest common factor of x and t?
19
Suppose 0 = 2*h - 4*p - 120, -h + 5*p = 2*h - 185. Suppose -18*u - 10*u = -392. What is the greatest common divisor of u and h?
14
Let k(p) = -1. Let g(o) = -o**2 + 9*o - 7. Let h(j) = g(j) + 2*k(j). Let t be h(6). Let v = 37 - t. Calculate the highest common factor of 4 and v.
4
Let u(i) = 31*i**2 + 1. Let o be u(-1). Let a(x) = x**3 - 8*x**2 + 9*x - 6. Let j be a(7). What is the greatest common divisor of j and o?
8
Let r = 6 + -4. Let k(c) = c**3 + 2*c**2 - c. Let g be k(r). Calculate the greatest common divisor of g and 14.
14
Suppose 0 = 4*h + 4*b - 8, 4 - 2 = -2*h - 5*b. Suppose h + 0 = 5*f + 3*x, -f - 2 = 2*x. Calculate the highest common factor of f and 2.
2
Let p be (-108)/26 - 2/(-13). Let y(o) = -2*o + 12. Let r be y(p). What is the highest common factor of 10 and r?
10
Let j(y) = y**2 - 4. Let p(m) = m - 1. Let b be p(5). Let x be j(b). Let a = 131 - 47. What is the highest common divisor of a and x?
12
Let a(g) = -g + 3. Let q be a(2). Let s be 28/(-8)*-10 - q. Calculate the highest common divisor of 85 and s.
17
Let p = 2 + 11. What is the greatest common factor of 65 and p?
13
Let a be 16 - ((-3)/9)/(1/(-3)). What is the greatest common factor of a and 60?
15
Suppose 0 = -z + 4, 0 = -2*m - 0*m + 5*z - 36. Let n = m - -28. Let t = 30 + -10. Calculate the highest common divisor of t and n.
20
Let t(m) = m**3 - 5*m**2 + 4*m. Let j be t(4). Suppose -s = 1 - j. Let b be 1 + -2 - 12/s. Calculate the highest common factor of b and 55.
11
Suppose -4*c = z - 49, 2*c + 3*z - 17 = 4*z. Let h = -2 - -4. Suppose -2*t + j + 32 = -14, -54 = -h*t + 5*j. Calculate the greatest common factor of c and t.
11
Let k(x) = -14*x**3 + 3*x**2 + 2*x + 1. Let l be k(-2). Let q = 146 + -91. Suppose 0 = 5*u - 0*u - q. What is the greatest common divisor of u and l?
11
Let w(f) = -f**2 - 24*f + 5. Let t be w(-21). Calculate the greatest common factor of t and 51.
17
Suppose -v + 4*v = 6. Let w = 14 - 25. Let t = w + 19. Calculate the greatest common factor of v and t.
2
Let v be -2*(22/(-4) + 1). Suppose v = 2*u + u. Suppose 57 - 21 = 4*p. What is the highest common divisor of p and u?
3
Let l be 12/((0 + -1)/(-1)). Let y(w) = -2*w**3 + 3*w**2 + 4*w + 2. Let q be y(-1). What is the greatest common factor